 z(r) = -6*r + 7*r**2 + 0 - 61 + 3 - 5*r**2. What is the hundreds digit of z(-12)?
3
Suppose -12*j + 3285 = -2547. What is the units digit of j?
6
Let b(r) = 11*r**2 + 4*r + 5. Let j be b(-4). Suppose f - j = -4*f. Suppose -3*y - f = -129. What is the tens digit of y?
3
Let c(r) = 4*r**2 + 4*r - 4. Let h be (-47)/5 - 34/(-85). Let i = -13 - h. What is the units digit of c(i)?
4
Let x(t) = -4*t**2 + 24*t + 3. What is the units digit of x(6)?
3
Let y be (-1 + 0)*1 + 3. Suppose -y*a - 4*a + 18 = 0. Let k(z) = 3*z**2 - 3*z + 4. What is the units digit of k(a)?
2
Let w = 5446 - 2969. What is the thousands digit of w?
2
Suppose 0 = 4*l - 7*l + 48. Let f = -10 - l. What is the tens digit of 48/(-8)*f/6?
2
Suppose 8*b - 3*b - 2*o = 0, -2*b = -2*o. Suppose 0*z - z + 4*v + 101 = b, 4*z + v = 404. What is the hundreds digit of z?
1
Let h = 40 - 25. Let n(l) = -2*l - 2. Let b be n(5). Let j = h + b. What is the units digit of j?
3
Let n(i) = -55*i + 71. What is the hundreds digit of n(-9)?
5
Let x be (-427)/(-14) - (-15)/(-6). Let p = -5 + x. What is the units digit of p?
3
Let n(p) = 82*p - 127. What is the hundreds digit of n(8)?
5
Suppose 2*r + 1712 = 2*m, -r = -3*m + 2586 - 20. What is the hundreds digit of m?
8
Let b(j) = j**2 + j + 3. Let o be b(0). Let v be 3/o + -2*5. Let y = v - -12. What is the units digit of y?
3
Suppose t = -2 + 14. Suppose 3*m = -m + t. What is the units digit of (-18 + m)*3/(-5)?
9
Let x(b) = 3*b**2 - 8*b + 135. What is the units digit of x(-12)?
3
Let f = -102 + 147. Let w = 82 - 58. Let p = f - w. What is the tens digit of p?
2
Suppose 11*s = 13*s - 56. Suppose g = s + 17. What is the units digit of g?
5
What is the tens digit of 1771/4 + (-48)/64?
4
Suppose -l = -2*l - 3. What is the units digit of ((-32)/l)/4 + (-1)/(-3)?
3
Suppose 4*u + 2*a - 2101 = -a, -2635 = -5*u + 5*a. Let i = -265 + u. What is the tens digit of i?
6
Suppose -9*w + 5284 = -7*w. What is the units digit of w?
2
Let r(x) = -187*x - 21. What is the tens digit of r(-1)?
6
Let p(n) = 59*n + 183. What is the tens digit of p(28)?
3
Suppose -2*b = -4*m - 10, -2*m + 5 = 2*m + 3*b. Let h be (-8 - -11)/(0 - m). Suppose -h*z - 2*p = -6*p + 5, z + 2*p = 15. What is the units digit of z?
5
Suppose 0 = -4*x + 2585 + 2167. What is the units digit of x?
8
Let z(h) = h**3 - 2*h**2 - h + 5. Suppose 2*c + 25 = 3*s - 0, -s - 5*c - 20 = 0. What is the units digit of z(s)?
5
Let v(s) = s**2 - 15*s - 72. What is the tens digit of v(30)?
7
Let i = -89 - -164. What is the tens digit of i?
7
Let o = 3 - 0. Suppose -1 - o = -2*v. What is the tens digit of 37*((-6)/(-3))/v?
3
Let l = 14350 + -9862. What is the tens digit of l?
8
Suppose 6*g = 20 + 4. Suppose 0 = 2*q - 3*x - 103, 0 = -g*x - x + 5. What is the tens digit of q?
5
What is the units digit of 9537/9 - 10/135*9?
9
Let x(q) = 6*q**3 - 2*q**2 - 5*q - 6. Let l be x(3). Suppose 5*g - l = -3*o, o - g - 105 = -2*o. What is the units digit of o?
6
Let k(z) = -10*z - 4. Let d be k(-8). Suppose 4*w - 2*w + 5*j - d = 0, 2*j = 0. Suppose -5*q = -0*q + c - 198, q + c = w. What is the units digit of q?
0
Let b(v) = v**2 + 2*v - 11. Let n be b(-5). What is the units digit of 1*(n - (1 - 86))?
9
Let w(q) = -q**3 + 6*q**2 - 4*q - 3. Let a be w(5). Suppose -h - 8 = a*z, -2 = -4*h + 2*z + 6. Suppose h = 5*p - 132 - 23. What is the tens digit of p?
3
Let v = 45 - -10. What is the tens digit of ((-475)/(-11) - 10/v) + 3?
4
Let l = -7 - -11. Suppose 35 = l*d + d. Suppose 0 = z, 2*i + 2*z - 107 = -d. What is the units digit of i?
0
Let m be 0 - -3 - (1 - 1). Suppose -5*u = -3*w - 0*w - 304, -m*u = 5*w - 162. What is the tens digit of u?
5
Let n = 21 - 17. Suppose -u + 20 = n*u. Suppose 0 = u*i + i - 205. What is the tens digit of i?
4
Let g be 4 + 81/(-2 - -5). Let w = 72 - g. Let t = 82 - w. What is the tens digit of t?
4
What is the tens digit of (3 - 48)*(-444)/36?
5
Let h = -119 - -119. Let q(i) = i**2 + 2. Let u be q(0). Suppose 5*j - f - 19 = h, -3*j - j + 20 = -u*f. What is the units digit of j?
3
Let r(o) = 4*o**2 + 2*o + 1. Let x be r(-1). Suppose x*b - b + 86 = 0. Let c = 66 + b. What is the tens digit of c?
2
Let c = -2016 + 5952. What is the tens digit of c?
3
Let n = -10 + 20. Let y = 2 + n. Let q = -9 + y. What is the units digit of q?
3
Suppose 3*o + 6 = k - 2*o, k + 3 = -4*o. What is the tens digit of ((-4)/(-6))/(k/96)?
6
Suppose 5*y + 3*q - 64 = 0, y + 3*y - 56 = -4*q. Let m(t) = -t**2 + t + 1. Let d be m(0). Let o = d + y. What is the tens digit of o?
1
Let n(t) = 4*t**2 + 45*t + 4. What is the units digit of n(9)?
3
Suppose -3*s + 9 = 0, 0*s + 2*s = n - 123. Suppose -n = -4*b + b. What is the tens digit of b?
4
What is the hundreds digit of ((-2)/8)/(1/(5552/(-4)))?
3
Suppose l + 3*t = -4*l + 18, 0 = -l - 5*t - 14. What is the units digit of l?
6
Let q = 198 - 194. Suppose 7*c - 10 = 2*c. Suppose -4*o + 46 = 3*f - 0*f, q*o - c*f - 56 = 0. What is the tens digit of o?
1
Suppose -9*z + 11*z - 7904 = 0. What is the tens digit of z?
5
Let n = 751 - 150. What is the units digit of n?
1
Let r = 11 - 114. Let f = -57 - r. What is the tens digit of f?
4
Let n(d) = -d**2 - 23*d - 2. Let r be (-1 - 4)/((-1)/(-2)). What is the units digit of n(r)?
8
Let f(w) = 791*w - 182. What is the units digit of f(5)?
3
Let w(t) = -6*t**2 + 206*t - 14. What is the tens digit of w(26)?
8
Suppose 0 = 3*f + 21 + 3. Suppose -4*k + 5*c - 23 = 0, -5*k + 3*c + 2*c = 25. What is the units digit of k/(-2) - 1 - f?
8
Let i be 2793 + 5 + -2 + -6. Suppose 1038 = 22*g - i. What is the tens digit of g?
7
Let k = -922 + 1312. What is the tens digit of k?
9
Suppose -2 = -5*f - 2. Suppose -d = 5*w - 96, f*w + 324 = 3*d + 3*w. What is the tens digit of d?
1
Let k = -232 + 1424. Suppose 0 = -13*u + 5*u + k. What is the hundreds digit of u?
1
Suppose -5*y + 25 = -3*w + w, -5*y + 35 = -4*w. What is the tens digit of (6/4 - y)*474/(-9)?
7
Let y = -1129 + 2342. What is the units digit of y?
3
Suppose 22*y - 9*y - 55575 = 0. What is the hundreds digit of y?
2
Let z(d) = 20*d**3 + d**2 - d. Let f be z(1). Let w = -17 + f. Suppose 5*r + w - 8 = 0. What is the units digit of r?
1
Suppose 57*y + 5780 = 68081. What is the thousands digit of y?
1
Let i(h) = h**3 - 7*h - 8*h**2 + 5*h + 5 - 5*h. Suppose 6*j = j + 45. What is the tens digit of i(j)?
2
Let f(l) = -l - 6. Let u be f(-9). Let z be (1 + -100)*(-5)/u. Suppose 0*r + 80 = 2*r + 4*k, 4*r - z = -3*k. What is the units digit of r?
2
Let g = 698 - 385. What is the units digit of g?
3
Let j(v) = 26*v - 31. Let a be j(14). Suppose -8 = 5*g - a. What is the units digit of g?
5
Suppose 208 = 2*z - 1184. What is the tens digit of z?
9
Let r(n) = -195*n**2 + 406*n**2 - 3 + 4*n - 200*n**2. What is the units digit of r(-5)?
2
Suppose -4*f - 3*r = f + 3, 3*f - 2 = 2*r. Suppose -2*z = -149 - 71. Suppose f = 3*w + 8 - z. What is the tens digit of w?
3
What is the units digit of 2 + -10*78/(-36)*195?
7
Let k(v) = -11*v**3 - 2*v**2 + 7*v + 18. What is the tens digit of k(-3)?
7
Let m = 2174 - 1540. What is the units digit of m?
4
What is the hundreds digit of (10/25)/((-7)/(-11760))?
6
Let p = 200 - 326. Let w = -43 - p. What is the units digit of w?
3
What is the hundreds digit of 15/(-10)*5152/(-12)?
6
Let r = 17 + -13. Suppose -r*f + 42 = -42. Suppose -h + 2*h + 9 = n, -3*n - 3*h + f = 0. What is the units digit of n?
8
Let o = -1464 + 2142. What is the units digit of o?
8
Let o = -1158 + 2032. What is the units digit of o?
4
Suppose 4*h = -3*g + 18083 - 3745, -2 = -g. What is the thousands digit of h?
3
Let n be (4 + -4)*1 - 6. Let p(f) = 5*f**2 + 7*f - 6. What is the tens digit of p(n)?
3
Let a = 1390 - 540. What is the units digit of a?
0
Suppose -21*s + 15232 = -22652. What is the thousands digit of s?
1
Let b(m) = -m**3 + 8*m**2 - 6*m + 8. Suppose -2*w - 4*t = -6, t + 16 = -0*w + 2*w. What is the units digit of b(w)?
5
Let l(n) = -n - 10. Let c be l(-12). Let j(w) = -w**3 + 3*w**2 - 3*w + 2. Let x be j(c). Suppose -2*y + y + 53 = x. What is the tens digit of y?
5
Let x(m) = 2*m**2 - 32*m - 225. What is the units digit of x(-11)?
9
Let z = -1865 + 2894. What is the hundreds digit of z?
0
Let i = 1057 + -604. What is the hundreds digit of i?
4
Suppose -3834 + 18072 = 18*q. What is the tens digit of q?
9
Let b(u) = -u**3 + 